the remainder when p is divided by c.
6
Suppose 2*c - 83 = -5*y + 53, -5*c = -15. What is the remainder when 100 is divided by y?
22
Let b = 11 - 9. Suppose q - y + 15 = 3*y, -2*q = 3*y + 8. Let x = b - q. Calculate the remainder when 26 is divided by x.
8
Let l = 46 + -4. What is the remainder when 164 is divided by l?
38
Let c = 19 + 23. Calculate the remainder when 125 is divided by c.
41
Suppose 6*f = 466 - 40. What is the remainder when f is divided by 15?
11
What is the remainder when 15 is divided by 4*((-2 + 10)/2 + -2)?
7
Suppose 2*d - 4*d + 12 = c, -5*c + d + 82 = 0. What is the remainder when 61 is divided by c?
13
Suppose 0 = 5*v + l - 166 - 322, -5*v + 4*l + 498 = 0. What is the remainder when v is divided by 25?
23
Let a(i) = 12*i**2 - 7*i - 6. What is the remainder when a(-2) is divided by 12?
8
Suppose -s + 0*q - q + 15 = 0, -3*q = -15. What is the remainder when s is divided by 5?
0
Let g = -6 + 3. Let j be -31 - g - (-1 + -1). Let r = j - -40. Calculate the remainder when 26 is divided by r.
12
Suppose 0 = 2*q - 4*q - 4*t + 16, 0 = -2*q + t + 11. Calculate the remainder when q is divided by 2.
0
Let o(y) = 19*y - 46. What is the remainder when o(5) is divided by 20?
9
Suppose 0 - 7 = -u. Suppose 2*i = u*i - 4*m - 131, -5*i + 135 = -5*m. Calculate the remainder when i is divided by 6.
5
Let t = 27 + -14. Calculate the remainder when 25 is divided by t.
12
Let p(j) = 8*j + 2. Let h be p(5). Let y = h + -24. What is the remainder when y is divided by 10?
8
Suppose 5*i - i - 8 = 0. Let x be (2 - i - 3)*2. What is the remainder when x/(-9) - (-152)/6 is divided by 9?
8
Let c(q) = q**3 - 17*q**2 - 12*q - 16. Calculate the remainder when c(18) is divided by 32.
28
Let t(j) = -j + 1. Let a(o) = o**3 + o**2 + 2*o + 1. Let i be a(-2). What is the remainder when 21 is divided by t(i)?
5
Suppose -5*k - 5 = -0*k, 4*z - 2*k - 54 = 0. Calculate the remainder when z is divided by 8.
5
Suppose r = 5*r. What is the remainder when r/(-1) - (-11 - 2) is divided by 7?
6
Calculate the remainder when ((-10)/(-2))/(28/308) is divided by 19.
17
Let i be (6 + -2 - 3) + -13. Let l = i + 29. What is the remainder when (3 - (-2)/(-1))*33 is divided by l?
16
Let v(c) = -112*c + 6. Calculate the remainder when v(-1) is divided by 24.
22
Suppose -5*m - 9 = -64. Calculate the remainder when (2 - -4)*14/4 is divided by m.
10
Let r = 18 - 5. Calculate the remainder when 51 is divided by r.
12
Suppose 0 = -7*l + 3*l + 16, 4*u + 2*l = 224. Calculate the remainder when u is divided by 19.
16
Suppose -9*n = -11*n + 28. What is the remainder when 39 is divided by n?
11
Let y = 19 + -7. Let j(s) = -14*s - 4. Let b be j(5). Let q = -39 - b. Calculate the remainder when q is divided by y.
11
Let z = -10 + 18. What is the remainder when 23 is divided by z?
7
Let t = 9 - 9. Let x = 3 - t. What is the remainder when 6 is divided by ((-2)/x)/(6/(-18))?
0
Let c(z) = z + 11. Let s be c(-11). Suppose s*l = 5*j + l - 65, l = j - 7. What is the remainder when 22 is divided by j?
10
Let c(t) = -2*t - 1. Let p be c(-2). Suppose 2*y + 2*s = 14, -5*y = -y + p*s - 26. What is the remainder when y is divided by 2?
1
Suppose 4*d + 2*p - 4 = 5*d, 0 = 4*d - 4*p. What is the remainder when 8 - (0 - d - -2) is divided by 7?
3
Suppose o = -o - 2*p - 50, 3*p = o + 9. Let u be (0 - -8)*o/6. Let x = u + 42. What is the remainder when 25 is divided by x?
11
Let f = 7 - -16. Suppose -2*c = 5*o + 5 - 21, -2*o = -2*c + 30. What is the remainder when f is divided by c?
10
Let r = -106 - -119. What is the remainder when 77 is divided by r?
12
Suppose 0*c + c = 77. Calculate the remainder when c is divided by 16.
13
Let v = -10 + 59. What is the remainder when v is divided by 17?
15
Let z = 105 + -43. Let y = -46 + 67. What is the remainder when z is divided by y?
20
Let z(r) = 3*r**2 - 11*r + 4. What is the remainder when 47 is divided by z(4)?
7
Let a(v) = 2*v. Let j be a(1). Let q(p) = -p + 4. Let d be q(j). Suppose -2*x + 46 = -2*s, 44 = d*x - 0*s - 3*s. Calculate the remainder when x is divided by 9.
7
Suppose -p = -5*p + 16. Suppose -p*u = u - 20. What is the remainder when 7 is divided by u?
3
Suppose -g = -6*g - 20, 3*t - 35 = 5*g. Suppose h - 5*h - 3*r = -89, t*r = 3*h - 74. What is the remainder when h is divided by 12?
11
Let g = -5 + 31. Let h = 3 + g. What is the remainder when h is divided by 16?
13
Let o(a) = -3*a**2 - 24*a + 8. Calculate the remainder when 36 is divided by o(-8).
4
Suppose 2*o + o = 9. Let l be (-2)/(-6) - 1/o. Suppose -3*h - z = -35, -h - 2*z + 5 + 5 = l. Calculate the remainder when 46 is divided by h.
10
Suppose -22*b = -217 - 641. What is the remainder when 232 is divided by b?
37
Suppose 35 = 5*k - 190. Suppose -5*o = 2*v + 3 - 62, 5*v = 5*o - k. What is the remainder when 21 is divided by o?
10
Suppose 0 = -4*s - 3*s + 70. What is the remainder when 16 is divided by s?
6
Suppose 0 = 2*j - 1 + 7, 4*j = 4*m. Let r = m - -19. Let k(x) = x + 9. What is the remainder when r is divided by k(0)?
7
Suppose 0 = -5*n + 52 + 8. What is the remainder when (-2)/(-6) - (-104)/3 is divided by n?
11
Suppose -6 + 27 = -2*f + 5*o, 5*o + 11 = -2*f. What is the remainder when 43 is divided by 24/2 - (-24)/f?
7
Suppose -186 = -4*l + 10. Calculate the remainder when l is divided by 17.
15
Let u(b) = 17*b. What is the remainder when u(2) is divided by 12?
10
Let q be (-2)/7 + 54/(-7). Let l(s) = -s**2 - 9*s - 8. Let v be l(q). Suppose v = -o + 17 - 4. Calculate the remainder when 37 is divided by o.
11
Suppose -v + 0*v = k + 4, 0 = 5*v - 4*k - 16. Let f(y) = y**2 + y + 6. What is the remainder when 16 is divided by f(v)?
4
Suppose z + z = 6. Suppose -15 = -5*f, 0*m + 659 = 5*m + 3*f. Suppose 2*a - m = -z*a. What is the remainder when a is divided by 9?
8
What is the remainder when (2/4)/1*(12 - 8) is divided by 2?
0
Suppose 49 = 7*x + 21. What is the remainder when 7 is divided by x?
3
Suppose 0*t - 5*t = 0. Suppose -2*z + 11 = -r, t = -5*r - 8 - 7. What is the remainder when 11 is divided by z?
3
Calculate the remainder when -2 - (0/(-2) - 39) is divided by 13.
11
Let f(w) = w**2 - 7*w - 2. What is the remainder when 76 is divided by f(9)?
12
Let c = -14 + 35. Calculate the remainder when (-1)/((-4)/164) - 1 is divided by c.
19
Suppose 24 = -4*c + 7*c. What is the remainder when 21 is divided by c?
5
Suppose 4*x = -s - 8, 2*s + s - 12 = -3*x. Suppose -s = -p - p. Calculate the remainder when 8/(-6)*18/(-4) is divided by p.
2
Let r = -83 - -143. Suppose -r = -b - b. What is the remainder when b is divided by 16?
14
What is the remainder when 41 is divided by ((-14)/(-8) + -1)/(2/72)?
14
Calculate the remainder when 28 is divided by -4 - (3 + -22)*1.
13
Let n = 24 - 9. Let h = 4 + 1. Suppose -h*p + 0*p + 8 = 2*g, 20 = 5*g + 4*p. Calculate the remainder when n is divided by g.
3
Let h(n) = n**2 + 3*n - 6. Calculate the remainder when h(4) is divided by (8/(-3))/((-1)/3).
6
Let q be (-15)/1 - 0/2. Suppose 4*n = 1 + 7. Calculate the remainder when (6/q)/(n/(-110)) is divided by 12.
10
What is the remainder when 147 is divided by (63/(-45) - -1)*(-75 - 0)?
27
Let w be 1 + -1 - (-2 + -1). Suppose 5*s + 4*j - 11 = 0, 2*s = -w*j + 1 + 2. What is the remainder when 23 is divided by (3/s + 11)/1?
11
Suppose -537 = -5*t - 167. Calculate the remainder when t is divided by 25.
24
Suppose 0 = -5*o + 8*o + 18. What is the remainder when 37 is divided by ((-3)/o)/((-3)/(-78))?
11
Suppose -3*y + 91 = 22. Suppose -5*f - y = -5*d + 4*d, 55 = 5*d + 5*f. Calculate the remainder when 37 is divided by d.
11
Suppose -2*h - 5 = -3*h + 3*f, -4*h + 5*f = -13. Suppose -1 = x - h. Calculate the remainder when x is divided by 1.
0
Let p(x) = -x**3 - 16*x**2 + 18*x + 40. What is the remainder when p(-17) is divided by 11?
1
What is the remainder when 12 is divided by (-16)/(-4)*-1 - -11?
5
Let r be (6/15)/(1/(-5)). Let q be (-2 + 2)/r - -44. What is the remainder when 7 is divided by (-4)/10 + q/10?
3
Let h(t) = 2*t**2 - 2*t + 2. Let w(u) = u + 7. Calculate the remainder when w(4) is divided by h(2).
5
Let h = 255 - 147. What is the remainder when h is divided by 22?
20
Let i = 49 + -44. What is the remainder when 7 is divided by i?
2
Suppose -4*c - c + 170 = 0. Let u = c + -57. Let s = -8 - u. What is the r